pose -5*a + h + h = 29, -h - 18 = v*a. Determine y(a).
3
Let m(n) be the second derivative of -n**4/12 + n**3/3 + 3*n**2 + 57*n. Give m(5).
-9
Let m = -239/8 + 30. Let h(a) be the third derivative of 0 + 1/120*a**6 + 4*a**2 - 1/20*a**5 + 0*a + 1/2*a**3 - m*a**4. Give h(3).
-6
Let k(w) = w**3 - 51*w**2 - 54*w + 94. Let y be k(52). Let a(m) = m**2 + 12*m + 30. Determine a(y).
10
Let l(o) = o**2 + 43 + 49 - 94 - o - 4*o. What is l(-3)?
22
Let f be (-1 - -8)*(-1 + -4). Let j be 25/f - (-4)/(-14). Let y(v) = 10*v**3 + 1 + 4*v - v - v - v**2 + 2*v**2. What is y(j)?
-10
Let b(p) be the second derivative of p**4/6 - p**3/2 + 3*p**2/2 - p. Let d be (30/(-90))/(4/(-24)). Give b(d).
5
Let o(g) = 5*g**2 + 2*g - 1. Suppose i - 3*i = -8. Suppose d - i = -28. Let k be d/9 - 8/(-12). Calculate o(k).
15
Let x(y) = -4*y - y**3 + 3*y**2 + 8*y + y**2 + y**2 - 6. Let z(p) be the first derivative of p**3/3 + 7*p**2/2 + 6*p + 25. Let j be z(-7). Give x(j).
-18
Let g(j) = j**2 - 5*j**2 - 13*j**2. What is g(-1)?
-17
Let w(r) = -r + 5. Let y(i) = i**3 + 8*i**2 + 5*i + 8. Let p be y(-6). Suppose 4*k - p + 10 = 0. Suppose -4*x + 15 = -3*h, 3*h - 5*h = -5*x + k. Determine w(x).
5
Let s(x) = x**2 - 15*x - 6. Let o(h) = -4*h - 21. Let b be o(-9). Give s(b).
-6
Let x(y) be the first derivative of y**4/4 - 7*y**3/3 - y**2/2 - 9*y - 43. Calculate x(7).
-16
Let z be (-2)/(-10) + 392/(-30)*3. Let i = 40 + z. Let r(m) = 15*m**2 + 2*m - 1. Give r(i).
16
Suppose -5 = 39*m - 38*m - 3*z, 20 = -4*m - 4*z. Let j(p) = -p - 8. What is j(m)?
-3
Let n = -1161 + 1155. Let b(m) = m + 5. Calculate b(n).
-1
Let t = -68 - -69. Let h(x) = 3 - 6*x**2 + 15*x - 14*x - t. Determine h(2).
-20
Let g = -462 - -457. Let i(z) = 3*z + 9. Determine i(g).
-6
Suppose -4*u = -0*u - 16, 5*u = -i + 28. Let l(t) = -t**3 + 7*t**2 + 7*t + 11. Give l(i).
3
Suppose -4*m + 38 - 6 = 0. Suppose m*a - 32 = -0*a. Let k(u) = -u**3 + 3*u**2 + 3*u - 1. Calculate k(a).
-5
Let w = 55 - 51. Let x be (w + -1)/((-3)/(-9)*3). Let p(j) = -j**3 + 4*j**2 - j - 4. Give p(x).
2
Let s be (-2*2/(-2))/((-10)/(-25)). Let p(k) = 2*k - 5. Let c(y) = -y + 2. Let v(i) = -5*c(i) - 2*p(i). What is v(s)?
5
Let l(p) be the first derivative of p**2/2 - 5*p - 118. Give l(10).
5
Let h(t) = -3*t + 1. Let s be (4 - (3 + 0))*5. Suppose -3*a - 11 = -2*x, 3*a + s = x + 4*x. Calculate h(x).
7
Suppose -19 + 8 = i. Let v be 2/11 + (-9)/i. Let g(t) = 9*t - 1. Give g(v).
8
Let u(a) be the first derivative of 3*a**2/2 + 9*a - 17. Suppose -p + v - 7 + 4 = 0, 0 = p - 2*v. Give u(p).
-9
Let t(h) = -h**3 - 14*h**2 + 30*h - 25. Let o be t(-16). Let u(a) = a + 3. Calculate u(o).
10
Let s be 0/(3/(3/(-2))). Let v(a) = s + 3 - a**2 - 4. Let l(u) = -2*u**2 + 13*u - 5. Let i be l(6). What is v(i)?
-2
Let i(t) be the first derivative of 2*t**2 + 2*t + 2/3*t**3 + 27. Determine i(-2).
2
Let v(k) = -k**2 + 11*k + 4. Let o(u) = -u**3 - 7*u**2 - u + 35. Let w be o(-6). Calculate v(w).
34
Let z(v) = v**3 - v**2 - 5*v - 2. Suppose 113*l - 69 = 136*l. Calculate z(l).
-23
Let h be (-2)/(8/60*3). Let a be (2 - (-1 - -2))*5. Let u(k) = 0*k**3 + a + 0*k**2 - 4*k + 4*k**2 + k**3. Determine u(h).
0
Let r(v) = 3*v**2 - v. Let w(x) = -10*x - 10*x - 4*x + 15 + 22*x. Let b be w(7). Determine r(b).
2
Let z(x) = 4*x - 6. Let y(t) = 12*t - 176. Let u be y(15). What is z(u)?
10
Let o(t) = 3*t + 1. Let j be o(1). Suppose -15 = -j*a + 5. Let b(p) = -11*p + 6 + 13*p - 3*p. Determine b(a).
1
Let r(f) = 3247*f**2 - 2*f**3 + 16*f - 3242*f**2 - 2 + f**3. Calculate r(7).
12
Let v(k) = -11*k + 8. Let j(w) = 10*w - 7. Let h(f) = 6*j(f) + 5*v(f). Let d be (-4)/6 + 1/(-6)*8. What is h(d)?
-12
Suppose 0 = -9*a - 5 - 22. Let z(n) = -3*n. Let v(h) = -2*h + 1. Let l(r) = a*z(r) + 4*v(r). Determine l(-3).
1
Let g(q) = q**3 - 8*q + 6. Let j(u) = u**3 + u**2 - 9*u + 7. Let w(d) = -5*g(d) + 4*j(d). Let t = -4 - -9. What is w(t)?
-7
Let o(r) = 2*r + 2. Let v(y) = 9*y + 9. Let k(b) = -3*o(b) + v(b). What is k(-3)?
-6
Suppose -2 = -2*i - 4*f, -4*f = -3*i + f + 3. Let d(a) = 22*a**3 - 2*a**2 + a. Give d(i).
21
Let d(l) be the third derivative of l**6/120 + 7*l**5/60 - l**4/24 + l**3/6 - 3*l**2 + 4*l. Calculate d(-7).
8
Let a(m) = -m**2 + 9*m + 2. Suppose 0 = 2*u - 10 - 6. Let i be u + (-2 - -6) - (5 - 2). Determine a(i).
2
Let f(k) = k**2 - k + 1. Let h = 10 + -12. Let b be (2 - 1)*(1 + h). Let g(j) = -2*j**2 + 7*j - 4. Let c(i) = b*f(i) - g(i). What is c(3)?
-6
Let s(y) be the third derivative of y**5/30 - 3*y**3/2 - 36*y**2 - 2*y. Determine s(0).
-9
Let c(l) = 2*l**3 + 9*l**2 + 2*l - 3. Let o be c(-4). Let g(v) be the third derivative of 0*v - 7*v**2 + 0 + 2/3*v**3 - 1/24*v**4. Determine g(o).
-1
Let y(r) be the third derivative of r**3 - 1/24*r**4 + 0 + 0*r + 44*r**2. Give y(-5).
11
Let l be (-2)/(-5) - (-18)/30. Let k(s) = -s + 8. Let n be k(8). Let w(z) = -z**2 + z + n - 5*z + l + 3*z. What is w(-4)?
-11
Let w(j) be the third derivative of j**4/6 + 2*j**3/3 - j**2. Let k = -2319 - -2316. What is w(k)?
-8
Let u(x) = -x**3 - x**2 - 2. Let l = -19 - -22. Suppose l*p = -5*i - 25, -i + 5*p = p - 18. Let f be 3/i*56/42. What is u(f)?
2
Let d(l) = -l**2 - 2. Let n be (-143)/(-5) + (-6)/10. Suppose 6*f - n = 2. Suppose -3 = f*x - 18. Calculate d(x).
-11
Suppose -8*j - 153 + 25 = 0. Let x(h) = h + 10. Determine x(j).
-6
Let q(i) = 7*i**2 - 2*i + 1. Let u(h) = h - 3. Let l be u(5). Let y = -109 - -122. Suppose 15 - y = l*r. What is q(r)?
6
Let l(f) = -2*f**2 - 5*f + 25. Let x(q) be the second derivative of q**4/12 + q**3/2 - 13*q**2/2 - 3*q. Let p(z) = 3*l(z) + 5*x(z). Calculate p(0).
10
Let r(h) = -23 + 3*h**2 - 14 + 3*h**3 + 34 - 2*h**3 - 8*h. Give r(-5).
-13
Let k(v) = -6 - 7*v + 19*v**2 - 37*v**2 + 19*v**2. What is k(8)?
2
Let x(d) = -10*d**3 - d**2 - 4*d - 2. Suppose -3*t + 5 = 4*z, 166*t = 171*t + 4*z - 3. Calculate x(t).
11
Let u(y) = y**2 + 20*y + 88. Let a be u(-7). Let q(t) = 3*t - 3 - 4*t + 1. Determine q(a).
1
Let y(x) = -3*x**3 - 2*x**2 - x + 4. Let o(b) = -2*b**3 - b**2 - b. Let j(m) = -o(m) + y(m). Give j(0).
4
Let n = 16 - 20. Let a(c) be the second derivative of -c**3/3 - 2*c**2 + c + 50. Give a(n).
4
Suppose -18 + 3 = -3*l. Suppose -1 = 3*q - s + l, 2 = q + s. Let m(j) = -j - 1. Let k(x) = -6*x + 6. Let g(f) = -k(f) - 5*m(f). What is g(q)?
-12
Let z(g) = -4*g + g**2 + 2*g - 2 + g. Let h(j) = -j**2 - j. Let x(m) = 2*m**2 + 4*m + 4. Let q(y) = -h(y) - x(y). Let k be q(-1). What is z(k)?
4
Let u(l) = -39*l + 47. Let i(o) = -13*o + 17. Let v(r) = 11*i(r) - 4*u(r). Determine v(1).
12
Suppose 4*g - 13 = 7. Suppose 2*k + 9 + g = 0. Let t be 3/k - (-48)/14. Let f(o) = -o**2 + 2. Give f(t).
-7
Let z(q) = q**3 - 9*q**2 - q + 4. Suppose -3*o = 4*d - 15 - 15, -4*o = -5*d + 53. What is z(d)?
-5
Let f(t) be the first derivative of t**4/4 - 8*t**3/3 + 3*t**2/2 - 7*t + 33. What is f(7)?
-35
Suppose -4*m + 40 = m. Let s be 2 - 1/1 - (22 - 19). Let l = s + m. Let t(f) = -f**3 + 6*f**2 - f - 1. What is t(l)?
-7
Let y(z) = z - 15. Suppose -20*c + 112 = -48. Calculate y(c).
-7
Let o(y) = 9*y - 1 + 0 - 2*y + 2. Let t = -3 - -2. Determine o(t).
-6
Let c(d) = d**2 + 3*d + 1. Let i be (-4)/(-3)*(-30)/(-20). Let l be (-2 + (i - -1))*-15. Let s = 14 + l. What is c(s)?
-1
Let v(q) = -q + 3. Let y(b) = 5*b - 14. Let m(o) = 6*v(o) + y(o). Suppose 4*r - 17 - 7 = 0. Give m(r).
-2
Let t be 1*0/((-1)/(-1)). Let v be (-2)/(0 - (3 - 2)). Let h(u) = 1 + u + 5*u**v - 8*u**2 + 4*u**2 + 2. Calculate h(t).
3
Let a(y) = -2*y**2 - 5*y - 1. Let x = -1688 + 1685. What is a(x)?
-4
Let a(k) be the third derivative of 1/360*k**6 - 2*k**2 + 0*k + 1/24*k**5 + 0 - 1/3*k**4 + k**3. Let c(o) be the first derivative of a(o). Give c(-6).
-2
Suppose 3*w - 4 = 8. Suppose m + 13 - 48 = -w*r, -3*r - 5*m = -39. Let a(f) = f - 7. Give a(r).
1
Let s(u) = -u**3 - 2*u**2 - 3*u - 2. Let v be (-1)/3 - 20/12. What is s(v)?
4
Let s be (-3)/15 - (-2)/10. Suppose -5*h + 0*i - 2*i + 17 = s, -5 = -3*h + 4*i. Let c(v) = 28*v**2 - 29*v**2 + 4*v + 2 - 3 + 1. Give c(h).
3
Let z(j) = 4*j**2 + 2*j + 6. Let p(l) = 5*l**2 + 7. Let a(g) = -3*p(g) + 4*z(g). Determine a(-6).
-9
Let d = 25 - 18. Let c(x) = 0 - 4 - d*x + 12*x**3 - 13*x**3 + 3 + 7*x**2. Determine c(6).
-7
Let b(j) = -j**2 - 13*j + 9. Let d be (-15)/(-18) - 623/42. Determine b(d).
-5
Let m(n) = n + 13. Let s be m(-13